3 - 6*x**2 - 7*x - 4. Let p be k(-5). List the prime factors of -4 - (-4 + p + -180).
2, 3, 29
What are the prime factors of 7/((-56)/(-18)) - (-230916)/112?
2, 3, 43
Let g(v) = -2*v**2 + 8*v - 2. Let o be g(1). Suppose 2*z = -1 + 9, o*y + 5*z - 360 = 0. List the prime factors of y.
5, 17
Let k(c) = -c**3 + 15*c**2 - 17*c + 19. Let a(h) = h**3 - 13*h**2 + 13*h + 4. Let g be a(12). Let x be k(g). Let w = 766 + x. What are the prime factors of w?
257
Suppose 2*y = y - 5*x + 39, 3*y = 3*x + 99. Let b = y - 31. Let f(v) = 2*v**3 - 5*v**2 + 4*v - 7. What are the prime factors of f(b)?
2, 7
Suppose -71*l + 76*l + v - 41022 = 0, -3*l - v + 24616 = 0. What are the prime factors of l?
13, 631
Let s = -23142 - -60262. List the prime factors of s.
2, 5, 29
Suppose -6*g + 7*g - 2*h - 15 = 0, 3*g - 15 = -4*h. Let w(p) = 151*p - 6. List the prime factors of w(g).
3, 11, 41
Let q = -2504 + 6656. What are the prime factors of q?
2, 3, 173
Suppose -20 = 4*o - 44. List the prime factors of -4 - -5 - o - (-1461)/3.
2, 241
Let r(p) = -p**3 + 5*p + 4. Suppose -4*f = m - 21 + 1, -2*m + 4*f = 20. Let x be r(m). Suppose -j - 90 = -x*j. What are the prime factors of j?
2, 3, 5
What are the prime factors of -1327526*2/(-60) + 432/3240?
17, 19, 137
Let r(j) = 3*j**2 + 17*j + 24. Let x be r(-6). Let q(f) = 51*f - 16. List the prime factors of q(x).
2, 757
Suppose -42*h + 99*h - 474804 = 39*h. List the prime factors of h.
2, 11, 109
Suppose -6*s = -5*s + 3. Let p(w) = -56*w - 4. Let h be p(s). Let q = 251 - h. What are the prime factors of q?
3, 29
Suppose -34*y + 528880 = 171098. Suppose 19*q - y - 5646 = 0. What are the prime factors of q?
23, 37
Suppose 33977 = 3*t + 5*z, 199*t + 5*z + 56655 = 204*t. What are the prime factors of t?
11329
Let z(k) = 116*k + 23. Let a be z(7). Suppose 13*s = 1310 + a. List the prime factors of s.
3, 5, 11
Suppose 0 = -3*f - y + 20, 5*f - 5*y + 10 = 2*f. Suppose f*c = 4*k + 2194, 4*k = 16 - 0. What are the prime factors of c?
2, 13, 17
Let b be (-3 - (2 - -1)/(-3))*-2. Suppose -153 = -t + b*t. Let w = t + 105. What are the prime factors of w?
2, 3
What are the prime factors of 352/616 - (-95304)/14?
2, 23, 37
Let p(m) = -83*m - 22. Let a(u) = -250*u - 64. Let r(b) = -4*a(b) + 11*p(b). What are the prime factors of r(5)?
449
Let f be 8/3*-6*1/4. Let j be (-164)/(-20) - f/5. Suppose j*v + 665 = 5*x + 4*v, -x - 5*v + 157 = 0. List the prime factors of x.
137
Let t = -45971 - -77926. What are the prime factors of t?
5, 7, 11, 83
Suppose -482*q = -483*q - p + 4873, 4*q + 5*p - 19493 = 0. List the prime factors of q.
2, 3, 7, 29
Let n be (-28)/7*3/(-12)*2. Let w = -2 + n. Suppose 3*d + w*d - 672 = 0. List the prime factors of d.
2, 7
Let n(a) = -3*a**2 + 444*a + 143. What are the prime factors of n(108)?
13103
Let l(u) = 122*u - 5. Let m be l(-3). Let g = 200 + m. List the prime factors of g*((-16)/(-4) - 3)*-1.
3, 19
Let m = -44 + 35. Let k be (m/12)/(12/(-32)). What are the prime factors of (((-890)/5)/k)/(-1)?
89
What are the prime factors of 1961 + (2 - (-11)/((-77)/56))?
5, 17, 23
Suppose 3*h + 360 = -h. List the prime factors of (h/(-8))/(27/144).
2, 3, 5
List the prime factors of 194144/64 - ((-2)/3 - 20/24).
5, 607
Let p be 5 + (8/14 - (-354)/42). Let a = -18 - -7. Let o = a + p. What are the prime factors of o?
3
Let m be 153/(-18)*(-1)/(2/96). Let w = 757 - m. What are the prime factors of w?
349
Let o(s) = 250*s**2 - 12*s + 1. Let w(c) = c. Let t(b) = o(b) - 4*w(b). What are the prime factors of t(-2)?
1033
Let d = -83 + 77. Let s(x) = -38*x - 71. What are the prime factors of s(d)?
157
Let i = 404 - 401. Suppose 3*z = -14 + 11, i*j = 2*z + 1496. What are the prime factors of j?
2, 3, 83
Let t = 5561 + -2527. What are the prime factors of t?
2, 37, 41
Suppose 2*k = 81 + 283. Let x be (-1 - k)/(4 + -5). Suppose -y + x = -r, 7*r - 153 = -y + 2*r. List the prime factors of y.
2, 89
Let a = 60 + -56. Let k be (-4)/6 + a/24*4. Suppose -3*w = 2*l - 217, -4*l + k*w + w + 427 = 0. List the prime factors of l.
107
Suppose 0 = -68*c + 93530 + 397552 + 327706. List the prime factors of c.
12041
Let h(l) = 18*l**2 - 20*l + 70. Let b be h(15). List the prime factors of 2/(-4)*3*b/(-30).
191
Let u(p) = 4*p**2 + 48*p - 203. List the prime factors of u(-105).
7, 13, 61
Let f(g) be the second derivative of 7/6*g**3 - 5*g - 1/20*g**5 - 11/2*g**2 + 0 - 11/12*g**4. What are the prime factors of f(-12)?
7
Suppose -7*j = 54*j - 9015 - 806. Suppose -3*f - 4*t - 158 = 0, f - 6*f = 5*t + 260. Let k = j - f. What are the prime factors of k?
211
Suppose -2*h - 35 - 41 = 4*y, 3*y + 4*h + 62 = 0. Let a be -15 - y - 6/2. Suppose 30*u - 35*u + 400 = a. What are the prime factors of u?
2, 5
What are the prime factors of 157122/81 + (-2)/(-9)?
2, 5, 97
Let b(o) = 82*o + 9. Let f = 158 - 153. What are the prime factors of b(f)?
419
Suppose -5*m - 586 = -341. Let b be ((-103)/1)/((-1)/(-1)). Let k = m - b. What are the prime factors of k?
2, 3
Let y(g) be the second derivative of g**5/20 + 7*g**4/4 + g**3/6 + 15*g**2 - 8*g. Let a be y(-21). Suppose -a*s = -13*s + 520. List the prime factors of s.
2, 5, 13
Let t = -94 + 433. Suppose -z - t = -1740. What are the prime factors of z?
3, 467
Let q = 50589 - -19470. List the prime factors of q.
3, 11, 193
Let a = 63 + -12. Let p = a + -51. Suppose 3*l + 3 - 21 = p. List the prime factors of l.
2, 3
What are the prime factors of (153632*(-7)/(-280))/(2/15)?
2, 3, 4801
Let s = 306 + 70. Let n be (-16)/136 - s/(-17). Suppose -88 = -n*f + 20*f. List the prime factors of f.
2, 11
Let a(y) = y + 26. Let j = 12 - 17. Let q be 0/(((-2)/5)/(2/j)). What are the prime factors of a(q)?
2, 13
Let n = 30282 - 19045. What are the prime factors of n?
17, 661
Let i(z) = -720*z + 2164*z + 46 - 717*z - 721*z. Let y = 45 - 30. List the prime factors of i(y).
2, 17
Suppose -10*y + 113355 = -118448 + 5353. List the prime factors of y.
5, 7, 647
Suppose 621 + 694 = 5*y. Suppose o + 2*g - 103 = 0, -g + 263 = 4*o - 114. Suppose -o = 5*i - y. List the prime factors of i.
2, 17
Suppose -133*b - 150624 = -149*b. List the prime factors of b.
2, 3, 523
Let f = 70 + -65. Let g(b) = b - 4. Let i be g(6). Suppose -i*h = -0*m + m - 224, 0 = -f*h + 5*m + 560. List the prime factors of h.
2, 7
Suppose -u - 4*p + 3779 = -11834, 4*p + 78137 = 5*u. List the prime factors of u.
5
Let v(s) be the second derivative of s**4 + 0 - 1/20*s**5 - 4/3*s**3 + 9*s - 8*s**2. List the prime factors of v(11).
17
Let p = 2415 - 659. What are the prime factors of p?
2, 439
Suppose -1084*y - 68497 = -1097*y. List the prime factors of y.
11, 479
Let p = -7 - 12. Let z = -7 - p. Suppose 11*s - z*s = -25. List the prime factors of s.
5
Let s(d) = -24*d + 284. List the prime factors of s(7).
2, 29
Let a(j) = -226*j**2 - 2*j + 12. Let t be a(2). What are the prime factors of t/(-8)*(-1 + 2/1)?
2, 7
Let v = -203 + 407. Suppose -180 + v = 4*c. List the prime factors of c.
2, 3
Suppose -f - 241*v + 244*v + 18503 = 0, 0 = 5*f - 2*v - 92424. List the prime factors of f.
2, 9241
Let m(q) = -15*q - 5. Let y be m(-3). Let p = 107 - y. List the prime factors of p.
67
Let h be (-2 + (-10)/(-6))*-18. Let d be 18/h - (3/(-3) - 0). Suppose -b + d*b = 60. What are the prime factors of b?
2, 5
Let o be (1/2)/(-8*6/(-288)). Suppose -3*z + 191 = 4*d, -z + o*d + 57 = d. List the prime factors of z.
61
List the prime factors of (-2)/8*(5 + -3) - 31125/(-10).
2, 389
Let r be (-2)/(-4) + (-11445)/(-14). Suppose 4*h + r - 3438 = 0. List the prime factors of h.
5, 131
Suppose s + 4 = 47. Suppose -4*i = 46*x - s*x - 2587, 0 = 3*x - i - 2567. What are the prime factors of x?
857
Let w be (1 - 5/(-7))*(-126)/(-36). Let h(u) = -3*u**3 + 1 + u**2 - w*u**3 + 10*u**3 - 3*u**2 + 2*u. List the prime factors of h(6).
157
Let x = -49 + 17. Let y be -7*30/28*x/24. Suppose -y*o = -1033 - 307. What are the prime factors of o?
2, 67
List the prime factors of 1407*(-205)/(-15) + -7.
2, 7, 1373
Suppose -389 - 156 = -5*v. Let h = v - 98. Suppose -15*y + h*y + 956 = 0. List the prime factors of y.
239
Let d(p) = 6 - 6 + 46*p. Let j = -1064 + 1065. List the prime factors of d(j).
2, 23
Suppose 4*r = 2*r + 12. Let i(a) = 2*a**2 - 9*a. Let j be i(r). Let p(d) = 14*d - 14. List the prime factors of p(j).
2, 7, 17
Let f = 98